= -d + 3. Let n(v) = v - 5. Let f(w) = -6*n(w) - 10*q(w). Let p be (4 - 42/12)*(-1 + 3). What is f(p)?
4
Let j(z) = -z**2 - 6*z + 15. Suppose 288 = -28*f - 8*f. Calculate j(f).
-1
Let i(p) = 0*p + 1 + 3*p + 0. Let b = -38 + 17. Let h be (-110)/35 - ((-60)/b - 3). Give i(h).
-8
Suppose 3*y + 2 = -21*o + 20*o, 18 = -2*y - 4*o. Let j(a) = 6*a**2 + a. Give j(y).
7
Let c(h) be the third derivative of h**5/60 + h**4/3 + h**3/6 - 665*h**2. Suppose t - 24 = 4*t. Give c(t).
1
Let p be 2*-1 + 154/66. Let r(b) be the first derivative of -5 + 3*b**2 - b + p*b**3. Give r(-6).
-1
Let f(j) = 11*j**2 - 41*j - 27. Let s(r) = -4*r**2 + 14*r + 9. Let y(w) = 3*f(w) + 8*s(w). Let p be y(12). Let o(m) = -m**3 + 4*m**2 - 2*m + 2. Give o(p).
5
Suppose 0 = u - g - 9, 4*u + 4 = -g + 35. Let a be u + (12/(-4) - 0). Suppose -28*f + a = -27*f. Let d(y) = y**3 - 4*y**2 - 5*y - 1. Calculate d(f).
-1
Let z(o) = 5*o + 10. Let c be z(-3). Let d(h) = 7*h**2 + 5*h - 7. Let w(b) = 3*b**2 + 2*b - 3. Let n(f) = c*w(f) + 2*d(f). Determine n(-1).
0
Suppose 6*p = -15 - 27. Let b(a) = -a**2 - 10*a - 6. Determine b(p).
15
Let d(z) = z - 1. Let c be d(4). Suppose -c*g + 3*i - 15 = 0, -4*g - 20 = 5*i + 9. Let v(h) = -h**2 - 4*h + 3. What is v(g)?
-9
Let v(t) be the first derivative of -6*t + 1/2*t**2 + 1/4*t**4 + 17 + 5/3*t**3. Calculate v(-5).
-11
Suppose -8*q = -7 - 17. Let g(d) be the second derivative of 0 + 1/2*d**q + 5/2*d**2 + d. What is g(-5)?
-10
Let u(a) be the first derivative of 4*a**3/3 - 14*a**2 - 2*a - 686. Determine u(7).
-2
Suppose 2*a = -3*a - 190. Let o be 10/(-45) + a/(-9). Suppose -o*k - 7 = 1. Let w(p) = p**3 + 3*p**2 + 3*p + 1. Calculate w(k).
-1
Let c(y) be the first derivative of -7*y**4/6 - 47*y**2/2 - 5. Let p(q) be the second derivative of c(q). Calculate p(-1).
28
Let a be (-39)/(-3) - -1 - 8. Let i(q) = -q**3 + 7*q**2 - 9*q + 6. Determine i(a).
-12
Let j be -2*(60/(-8) + 0). Suppose 0 = -2*a + j + 13. Let d = a - 11. Let k(z) = 4*z - 1. What is k(d)?
11
Let f(d) = -3*d**2 + 5*d + 5. Let b(z) = -z**2 + z + 1. Let m(r) = 2*b(r) - f(r). Let c(o) = -o + 11. Let w be c(-5). Suppose 15*s - 91 = -w. What is m(s)?
7
Let k(f) = -f**3 + 3*f**2 + 9*f + 1. Let o(j) = -j**3 + 3*j**2 + 9*j - 1. Let w(u) = -4*k(u) + 3*o(u). Determine w(5).
-2
Let a(q) = 2*q**2 + q - 6. Let f be a(2). Suppose 6*t = -f*t - 40. Let x(y) be the second derivative of y**5/20 + 5*y**4/12 + 5*y**3/6 + y**2 - y. Give x(t).
-2
Let x(o) = 2*o - 5 - 3 + 3 - 9. Determine x(5).
-4
Let t(k) = -k**2 - 4*k. Let l(b) = -b**3 - 28*b**2 - 27*b - 3. Suppose 4*x = -3*p - 73, 3*x = 4*p - p + 87. Let h be l(p). Determine t(h).
3
Let k(n) be the first derivative of -n**2/2 - 5*n + 9. Let v be 2/(-2) - (5 - 6). Suppose 0*o = d - 3*o + 17, 4*d + 5*o = v. What is k(d)?
0
Suppose -7*j + 732 = 669. Let n(q) = -q**3 + 10*q**2 - 8*q - 3. Determine n(j).
6
Suppose -151 - 89 = -5*m. Suppose -m = -5*v + v. Let u(c) = 7 - 4*c**2 - 7*c + 2*c**2 + c**2 - v. What is u(-6)?
1
Let m(q) = 3*q - 4. Let d(h) = -h. Suppose -4*z - 14 + 10 = 0. Let r(l) = z*m(l) - 5*d(l). What is r(6)?
16
Let t(c) = 11*c + 7. Suppose 3*g = 8 + 1. Let x(k) = 121*k - 116*k + 6 - g. Let p(u) = -4*t(u) + 9*x(u). Calculate p(-5).
-6
Let i(v) = -12*v + 1. Let r(p) = 7*p. Let u(q) = 3*i(q) + 5*r(q). Calculate u(-7).
10
Let n(j) = j**3 + 8*j**2 + 7*j - 4. Suppose 5*u + 3*r + 47 = 0, 3*u = 3*r - 0*r - 9. Calculate n(u).
-4
Let l be 20 + -4 - 2/2. Suppose -5*r + l = 5*k, 4*k - 8*k = -3*r + 16. Let c(w) = 3*w**2 - 10*w**2 + r + 8*w**2 - 7*w. Determine c(6).
-2
Let j(t) = 11*t + 3 + 8 - 7*t. Give j(-5).
-9
Suppose -15*p + 6 = -13*p. Let m(d) = -p*d**2 - 4 - 6 - 5 + 14. What is m(1)?
-4
Let f = -1 - -5. Let c(w) = -19*w**3 - 8*w**3 - 9*w**3 - 4*w + 3 + 5*w**2 + 35*w**3. Determine c(f).
3
Let v(s) = -2*s - 2. Let d be -2*1 - (-3 + 1). Suppose -2*g - 22 - 2 = d. Let w = g - -10. Calculate v(w).
2
Let p(k) = -k**2 - 12*k - 7. Let j be (-1 - 4/(-3))/((-5)/150). Calculate p(j).
13
Let o(c) = 5*c - 13. Let i be o(8). Let z = 18 - i. Let l(d) = -d - 8. What is l(z)?
1
Let n(p) = 6*p - 1. Let q be n(1). Let b(u) = -q*u + 2 + 0*u + 4*u. Suppose 2*f + 16 = -12*w + 8*w, -3*f - 6 = -3*w. Calculate b(w).
4
Let x(y) = 8 - 23 + 5 - y. Let k be x(-13). Let r(q) = -2*q**3 + 4*q**2 - q + 1. What is r(k)?
-20
Let x(i) = i**3 + 5*i**3 + 0*i**3 + i. Suppose 11 = -h - 18. Let u = h - -30. Give x(u).
7
Suppose 0 = -8*v + 125 - 37. Suppose -2*s - 2 = -2*q, -q + 4*s + 0 = v. Let f(z) = -2*z + 0 + 4*z - 5. Calculate f(q).
5
Suppose 3*k - 2*m = 3*m, -5*m = -4*k. Let c(b) be the second derivative of -b**5/20 + b**4/12 - 7*b**2/2 + 2*b - 358. Determine c(k).
-7
Let g(m) = -m**3 + 5*m**2 + 5*m + 1. Let k = -263 - -269. Give g(k).
-5
Let i(d) be the third derivative of d**6/120 + d**5/12 + d**4/24 + d**3/2 + d**2. Let j be (0/(-7))/(-1*1). Let r(f) = f - 5. Let m be r(j). Calculate i(m).
-2
Let l(s) = -s**2 + 6*s - 2. Let z be l(5). Let c(q) = 2*q**3 - q**z + 3 - 8 - 6*q + 0 + 3*q**2. Give c(-4).
3
Let j(z) be the first derivative of -2*z**2 - z + 52. Determine j(2).
-9
Let u = 4 + -2. Let r(t) be the third derivative of 4*t**2 + 0*t + 0 - 1/2*t**3 - 1/120*t**6 + 1/12*t**4 + 0*t**5. Determine r(u).
-7
Let r(g) = -3*g**3 + 2*g - 1. Let m(w) = w**2 - 2*w - 6. Let c(s) = -3*s - 5. Let o(j) = -3*c(j) + 2*m(j). Let t be o(-2). Determine r(t).
-2
Let w(j) be the first derivative of -1/2*j**2 + j - 2*j**3 - 5. Suppose -5*r + 30 = -5*o, 0 = 3*r - 6*r - 5*o - 22. Determine w(r).
-6
Let t(u) = -u**3 - 4*u**2 - 2*u - 5. Suppose 3*s + 0*s = 3*w + 9, 5*s + 5*w - 25 = 0. Suppose -8 + s = n. What is t(n)?
3
Let a be (30/9)/((-2)/(-3)). Suppose -a*i - 25 = -0*i. Let y(k) = -3*k**2 - 4*k + 5. Let m(d) = 7*d**2 + 9*d - 11. Let r(c) = i*y(c) - 2*m(c). What is r(-3)?
0
Let u(p) = p**2 + 6*p - 36. Let w be (-276)/27 - (-20)/90. Let r be u(w). Let v(j) = -3*j + 4. What is v(r)?
-8
Suppose -3*a = 9 + 6. Let i(j) = -6*j - 12. Let r = -36 + 41. Let m(p) = -5*p - 11. Let o(c) = r*m(c) - 4*i(c). Determine o(a).
-2
Let v be 0/((-15)/(6 + -3)). Let s(y) = -y - 4. Determine s(v).
-4
Let a(d) = -6*d**3 - 5*d**2 + 10*d - 15. Let w(j) = -7*j**3 - 4*j**2 + 12*j - 16. Let i(o) = -6*a(o) + 5*w(o). Determine i(-10).
10
Let o(x) be the third derivative of -x**5/60 - x**4/24 + x**3/3 - 2*x**2. Let z(b) = -b**2 - 5*b**2 + b**3 + 4*b - 5 + 12. Let c be z(5). Calculate o(c).
-4
Let q(v) be the first derivative of v**2/2 + v - 5. Let z(k) = k**3 - 8*k**2 + 6*k - 2. Let m be z(7). Let u = -11 - m. Determine q(u).
-1
Let a(q) = 9*q + q**3 + 363*q**2 + 364*q**2 - 10 - 735*q**2. What is a(7)?
4
Let c(u) = 2*u + 40. Suppose -2*d + 9*f - 26 = 4*f, -127 = 5*d + 3*f. Let m be c(d). Let i(y) = y**2 + 5*y. Calculate i(m).
6
Let n = 60 - 65. Let d(x) be the third derivative of -x**6/720 - 11*x**5/120 + x**4/6 + 2*x**2. Let r(a) be the second derivative of d(a). What is r(n)?
-6
Let d(u) = -4*u**3 - 3*u**2 - u - 2. Let j = 282 - 284. What is d(j)?
20
Let u(r) = r**2 + 0*r - 7*r - 2*r + 9 + 0*r. Let q be u(8). Let f(z) be the third derivative of -z**4/8 - z**3/6 - 8*z**2. Calculate f(q).
-4
Let z be 405/72 + ((-81)/(-24) - 3). Let u(l) = -3*l + 16. Calculate u(z).
-2
Let b(t) = 2*t**2 + 6*t. Let j be ((-9)/(-15) - 1)/(11/110). What is b(j)?
8
Let y(k) = 182*k + 49. Let p(r) = -15*r - 4. Let q(n) = -49*p(n) - 4*y(n). Give q(-2).
-14
Let t(l) = -l**2 + 3*l. Let d(a) be the first derivative of -a**2 + 24*a + 8. Let r be d(10). Calculate t(r).
-4
Let x(p) = -10*p + 1. Suppose j - 17 = -5*s + 4*s, 10 = 5*j. Suppose 5*d + 0*d = s. Suppose d = i + 2*i. Calculate x(i).
-9
Let r(m) = -m**2 - 5*m - 3. Let t be (-18)/15*10/(-4). Let c be (5 + -5)*(-1)/t. Let o be (c - 1) + -1*3. Determine r(o).
1
Suppose -2*b + 21 = 5*q, -5*q + 9*b + 35 = 4*b. Suppose 2*x - 19 = q*r, -5*r - 3 = 3*x + 6. Let j(h) = h**3 - 5*h**2 + 2*h - 2. Give j(x).
-10
Let a(x) = 2*x + 7. Let p = 36 + -34. Let q be 7*(2 + (-6)/p). Give a(q).
-7
Let b(y) = 3*y**3 - 2*y**2 + 4*y - 7. Let j(c) = -7*c**3 + 4*c**2 - 9*c + 15. Let a(x) = 9*b(x) + 4*j(x). Calculate a(-3).
6
Let v(n) = 32 - n + 27 + 0*n - 90 + 35. Let y(a) = a + 1. Let s be y(2). Determine v(s).
1
Let p be 31 - 23 - 16/2. Let a(n) be the third derivative of n**6/120 - n**5/60 + n**4/24 + 5*n**3/6 - n**2. Determine a(p).
5
Let p(c)